s -294 - -1?
-293
In base 3, what is 1112 - 11?
1101
In base 8, what is -3 + -610?
-613
In base 5, what is 4 - 121?
-112
In base 6, what is 142 + -1?
141
In base 16, what is 5 - d?
-8
In base 7, what is 2 + -632?
-630
In base 4, what is -2030 + -1002?
-3032
In base 3, what is -21020 - -12?
-21001
In base 10, what is 0 + -24?
-24
In base 5, what is -14 + -322?
-341
In base 12, what is -985 + -5?
-98a
In base 13, what is -a75 - -4?
-a71
In base 16, what is -11c - 12?
-12e
In base 5, what is 34 + 442?
1031
In base 5, what is -1 + 422?
421
In base 4, what is -31 - 2120?
-2211
In base 8, what is -2706 - 2?
-2710
In base 12, what is 1 - -409?
40a
In base 6, what is -220 - -4?
-212
In base 4, what is -11210132 + -1?
-11210133
In base 7, what is 31 - 15?
13
In base 3, what is -21 + -1010?
-1101
In base 2, what is 10 - -10001110?
10010000
In base 11, what is -10 - -278?
268
In base 14, what is 40 - 5?
39
In base 4, what is 10 - -22122?
22132
In base 15, what is -1d6 - -4?
-1d2
In base 3, what is -202011 + 1?
-202010
In base 11, what is 0 + -50?
-50
In base 14, what is 37 - b7?
-80
In base 7, what is -23452 - 3?
-23455
In base 10, what is -4 - -77?
73
In base 4, what is 1012002 - 20?
1011322
In base 14, what is -2 - b0?
-b2
In base 12, what is -797 + 3?
-794
In base 2, what is 110010 - 110110?
-100
In base 12, what is -4 + -17a0?
-17a4
In base 12, what is 20 - -25?
45
In base 15, what is 1 - 6a?
-69
In base 3, what is 12 + 1100?
1112
In base 7, what is -1 + -2002?
-2003
In base 4, what is -230121 + -10?
-230131
In base 7, what is 32 - 5?
24
In base 9, what is 2 + -85?
-83
In base 6, what is -24 + -1203?
-1231
In base 11, what is 63 - 4?
5a
In base 4, what is -3120 - 10?
-3130
In base 10, what is 6599 - 2?
6597
In base 4, what is 3 - 11?
-2
In base 9, what is -232 - 0?
-232
In base 12, what is 1409b - 2?
14099
In base 2, what is -1011101 + 1101011?
1110
In base 10, what is 4 + -1020?
-1016
In base 15, what is -11 + b?
-5
In base 14, what is -10b + 8?
-103
In base 5, what is -200 - 3?
-203
In base 4, what is -11 - 112?
-123
In base 16, what is 88 + -7?
81
In base 3, what is 111 - -22200?
100011
In base 11, what is -379 + -14?
-392
In base 12, what is 5b - 39?
22
In base 13, what is -77 + 14?
-63
In base 6, what is -202 + 103?
-55
In base 10, what is 3 - 109?
-106
In base 3, what is -2 + 11121?
11112
In base 5, what is -13 + 1431?
1413
In base 10, what is -21 + -10?
-31
In base 8, what is 15 - -1651?
1666
In base 16, what is 40 + f?
4f
In base 9, what is -2 - -446?
444
In base 7, what is 1112 - -5?
1120
In base 16, what is -3 + -29?
-2c
In base 14, what is -5 - 1d?
-24
In base 12, what is -14 - 21?
-35
In base 3, what is 1012 + 10?
1022
In base 4, what is 2330 - -22?
3012
In base 10, what is 2 - 335?
-333
In base 6, what is 3 - -32301?
32304
In base 10, what is -17 - -22?
5
In base 16, what is 7 + -1e?
-17
In base 7, what is 52 - -21?
103
In base 14, what is 5 + 3b?
42
In base 16, what is 85 + -1?
84
In base 13, what is -11a3 - 6?
-11a9
In base 9, what is -4 + 5415?
5411
In base 16, what is 1 + 4a?
4b
In base 12, what is 198 - 4?
194
In base 15, what is -5 - -4?
-1
In base 5, what is 400 + 33?
433
In base 13, what is 2 - 498?
-496
In base 2, what is -11001 + 1110?
-1011
In base 14, what is 90 + -1?
8d
In base 16, what is 0 + -a2?
-a2
In base 16, what is -e23 + -7?
-e2a
In base 8, what is 126 + -5?
121
In base 13, what is -2 + -18a2?
-18a4
In base 11, what is 0 + -107?
-107
In base 10, what is -3 - 288?
-291
In base 8, what is 1373 - -1?
1374
In base 4, what is -103 - -232?
123
In base 3, what is 11222110 - -12?
11222122
In base 14, what is -ab - 3?
-b0
In base 10, what is -2 - -202?
200
In base 14, what is -31 + -19?
-4a
In base 16, what is -1e7f + 1?
-1e7e
In base 2, what is -110 + 1110011?
1101101
In base 3, what is -1100101020 + -2?
-1100101022
In base 12, what is 0 + -126?
-126
In base 7, what is 552 + 2?
554
In base 4, what is -10 - -3011?
3001
In base 9, what is 2 - 2611?
-2608
In base 6, what is -12 + 2030?
2014
In base 4, what is 120211 + 11?
120222
In base 13, what is -26ab + 2?
-26a9
In base 12, what is 5562 - -3?
5565
In base 8, what is -747 + 15?
-732
In base 7, what is -1 - 33?
-34
In base 12, what is 31 - -6?
37
In base 5, what is -342 - 0?
-342
In base 7, what is -1055 - 4?
-1062
In base 8, what is -5 - -170?
163
In base 13, what is -5 + 4?
-1
In base 9, what is -25 - -65?
40
In base 14, what is -5 + -5?
-a
In base 14, what is -681 + 1?
-680
In base 10, what is 2 - 184?
-182
In base 2, what is -100 + -1000101?
-1001001
In base 3, what is -11220 + -10?
-12000
In base 3, what is 11 + -2011?
-2000
In base 12, what is 3983 - -4?
3987
In base 13, what is 3 - 36?
-33
In base 9, what is 644 - 3?
641
In base 15, what is -5 + -a6?
-ab
In base 2, what is 100110 + -1101?
11001
In base 14, what is -285 - 5?
-28a
In base 2, what is -10 - 100010001001?
-100010001011
In base 11, what is 7 + -19?
-12
In base 13, what is 1 + -27c?
-27b
In base 4, what is -2031 - -10?
-2021
In base 5, what is -1143 - 3?
-1201
In base 13, what is 6 - -1b?
24
In base 8, what is -16 - -12?
-4
In base 5, what is -21 - -22?
1
In base 7, what is 4 + -11421?
-11414
In base 15, what is 4a3 + 3?
4a6
In base 9, what is -1 + -111?
-112
In base 12, what is -57 - 5?
-60
In base 15, what is -2 - -140?
13d
In base 12, what is 70 + 8?
78
In base 9, what is -7 + -485?
-503
In base 10, what is -7516 - -5?
-7511
In base 3, what is -11 - -12220?
12202
In base 7, what is -1206 - 1?
-1210
In base 10, what is -4 - -141?
137
In base 13, what is 68 + 5?
70
In base 9, what is 11 + -35?
-24
In base 15, what is 4 - -8d?
92
In base 13, what is 129 - 1?
128
In base 9, what is -1 - 174?
-175
In base 10, what is -39 + -27?
-66
In base 15, what is 9 - 10?
-6
In base 12, what is -2 - 4?
-6
In base 9, what is -175 - 5?
-181
In base 13, what is -4a3 + 3?
-4a0
In base 3, what is 12 - -10000?
10012
In base 3, what is 10022 - 1010?
2012
In base 10, what is -1 + 171?
170
In base 6, what is -53 + 1?
-52
In base 4, what is -112 + 1010?
232
In base 16, what is 3bb - -5?
3c0
In base 5, what is 12 + -42?
-30
In base 10, what is 19 - -401?
420
In base 12, what is -17 + -3?
-1a
In base 13, what is -4b - 12?
-60
In base 16, what is 58 + 0?
58
In base 4, what is 13201 + 102?
13303
In base 3, what is -10112 - 22?
-10211
In base 4, what is 3 + -110?
-101
In base 5, what is 111411 + -2?
111404
In base 7, what is -241 + 5?
-233
In base 10, what is 23 - 6?
17
In base 2, what is 1000 + -111?
1
In base 15, what is -36 + b?
-2a
In base 10, what is 9 + -59?
-50
In base 2, what is -1 - 1010000?
-1010001
In base 8, what is 700 - 2?
676
In base 11, what is -26 - -6?
-20
In base 12, what is -51b5 + -4?
-51b9
In base 15, what is 11 + -6?
a
In base 16, what is -30 + -5?
-35
In base 14, what is -16c + -4?
-172
In base 15, what is ce - 5?
c9
In base 3, what is 20022 + -1?
20021
In base 16, what is -6 + 1b?
15
In base 9, what is 1156 - 1?
1155
In base 11, what is 3201 - -5?
3206
In base 6, what is -232322 - -3?
-232315
In base 15, what is -6a - 2?
-6c
In base 16, what is -2c45 + -2?
-2c47
In base 9, what is 5707 + 2?
5710
In base 11, what is 8726 - 0?
8726
In base 16, what is -196 - -5?
-191
In base 11, what is 21 + -2?
1a
In base 10, what is 169 - 3?
166
In base 3, what is -121 + 210?
12
In base 10, what is -688 - 4?
-692
In base 10, what is 7335 + 2?
7337
In base 16, what is -4 + -38?
-3c
In base 14, what is 96 - 0?
96
In base 5, what is -4 - -1111?
1102
In base 3, what is -10 - 21101?
-21111
In base 8, what is -4 - -2271?
2265
In base 16, what is 0 + -68d?
-68d
In base 3, what is -101 - 1?
-102
In base 4, what is 10131 + 11?
10202
In base 5, what is 312 + -3?
304
In base 10, what is 0 + -962?
-962
In base 9, what is -126 - 4?
-131
In base 16, what is -5 + 264?
25f
In base 3, what is 0 + 21201?
21201
In base 12, what is 4009 + -3?
4006
In base 16, what is 40 + -13?
2d
In base 11, what is -2 + -40?
-42
In base 4, what is -11 + -1102?
-1113
In base 15, what is eb6 + -4?
eb2
In base 13, what is -1 - -2839?
2838
In base 3, what is -12 + -10221?
-11010
In base 11, what is -3 - 93?
-96
In base 5, what is -3322 + -3?
-3330
In base 13, what is -18 - 91?
-a9
In base 11, what is -21 - 36?
-57
In base 8, what is 3 + -1216?
-1213
In base 14, what